 of 69?
False
Is 5222 a multiple of 7?
True
Is 888 a multiple of 12?
True
Does 15 divide 4033?
False
Is 356 a multiple of 14?
False
Does 41 divide 5166?
True
Does 8 divide 413?
False
Is 33 a factor of 9348?
False
Does 48 divide 637?
False
Is 22143 a multiple of 120?
False
Is 3024 a multiple of 54?
True
Is 23 a factor of 3342?
False
Does 52 divide 8060?
True
Is 276 a multiple of 69?
True
Is 1100 a multiple of 22?
True
Does 157 divide 10205?
True
Is 62 a factor of 30440?
False
Is 10 a factor of 379?
False
Is 77 a factor of 4602?
False
Is 140 a multiple of 8?
False
Is 3 a factor of 66?
True
Is 23383 a multiple of 41?
False
Is 66361 a multiple of 9?
False
Is 3341 a multiple of 10?
False
Is 17531 a multiple of 47?
True
Does 9 divide 1064?
False
Is 25 a multiple of 25?
True
Is 576 a multiple of 2?
True
Is 22 a factor of 3468?
False
Does 61 divide 11651?
True
Is 22 a factor of 540?
False
Is 385 a multiple of 23?
False
Does 24 divide 192?
True
Is 71 a multiple of 26?
False
Is 7 a factor of 3262?
True
Is 5 a factor of 333?
False
Is 101 a factor of 9292?
True
Is 51 a factor of 8211?
True
Is 5 a factor of 1070?
True
Does 7 divide 9450?
True
Does 11 divide 32727?
False
Does 12 divide 542?
False
Is 539 a multiple of 29?
False
Is 149 a factor of 11324?
True
Is 1027 a multiple of 30?
False
Is 825 a multiple of 25?
True
Does 169 divide 92443?
True
Does 29 divide 7279?
True
Is 39 a factor of 46488?
True
Is 236 a multiple of 7?
False
Does 86 divide 1264?
False
Is 22 a factor of 25?
False
Does 4 divide 1787?
False
Is 26222 a multiple of 14?
True
Does 13 divide 1482?
True
Is 15003 a multiple of 55?
False
Does 21 divide 630?
True
Is 11 a factor of 20592?
True
Does 13 divide 985?
False
Is 10 a factor of 7632?
False
Is 13 a factor of 1792?
False
Is 8076 a multiple of 9?
False
Is 22 a factor of 29972?
False
Is 109908 a multiple of 12?
True
Does 3 divide 4285?
False
Is 9348 a multiple of 19?
True
Is 13 a factor of 2853?
False
Is 3 a factor of 138?
True
Does 42 divide 5559?
False
Does 31 divide 1519?
True
Does 2 divide 125?
False
Is 5 a factor of 1370?
True
Is 151 a factor of 2539?
False
Is 40284 a multiple of 18?
True
Is 32 even?
True
Does 10 divide 1336?
False
Is 8068 a multiple of 34?
False
Does 34 divide 9328?
False
Is 14 a factor of 213?
False
Is 887 a multiple of 18?
False
Is 80 a factor of 66240?
True
Does 12 divide 45853?
False
Is 25 a factor of 125?
True
Is 5483 a multiple of 13?
False
Does 13 divide 26156?
True
Is 1286 a multiple of 36?
False
Is 48 a factor of 3168?
True
Is 722 a multiple of 19?
True
Is 32 a factor of 13407?
False
Does 15 divide 23460?
True
Is 846 a multiple of 33?
False
Is 492 a multiple of 6?
True
Is 3 a factor of 44334?
True
Is 12 a factor of 2835?
False
Does 149 divide 1517?
False
Is 45309 a multiple of 11?
True
Is 63172 a multiple of 68?
True
Does 17 divide 510?
True
Is 2971 a multiple of 62?
False
Does 8 divide 422?
False
Is 31 a factor of 5513?
False
Is 39572 a multiple of 28?
False
Is 7 a factor of 91?
True
Does 12 divide 18395?
False
Does 10 divide 12220?
True
Does 33 divide 9236?
False
Is 5 a factor of 4601?
False
Is 66 a factor of 41118?
True
Is 634 a multiple of 4?
False
Does 9 divide 47?
False
Is 341 a multiple of 54?
False
Is 814 a multiple of 25?
False
Is 8 a factor of 10620?
False
Does 8 divide 1344?
True
Does 15 divide 375?
True
Does 15 divide 321?
False
Is 18871 a multiple of 81?
False
Is 56385 a multiple of 105?
True
Does 17 divide 101150?
True
Is 17398 a multiple of 26?
False
Is 13993 a multiple of 40?
False
Is 885 a multiple of 36?
False
Is 87 a factor of 2523?
True
Is 312 even?
True
Is 38 a factor of 3135?
False
Is 2 even?
True
Does 5 divide 595?
True
Does 91 divide 37037?
True
Does 6 divide 233?
False
Does 33 divide 483?
False
Is 2030 a multiple of 10?
True
Is 1168 a multiple of 7?
False
Is 15316 a multiple of 218?
False
Is 20 a factor of 3220?
True
Does 13 divide 1807?
True
Does 13 divide 22906?
True
Is 10860 even?
True
Is 7 a factor of 2667?
True
Is 43 a factor of 10123?
False
Is 27684 a multiple of 99?
False
Is 4 a factor of 25717?
False
Does 12 divide 364?
False
Is 294 a multiple of 7?
True
Is 56 a factor of 2681?
False
Is 8 a factor of 13248?
True
Does 16 divide 24368?
True
Is 5 a factor of 4640?
True
Is 57 a factor of 3648?
True
Is 36438 a multiple of 143?
False
Is 15 a factor of 510?
True
Does 24 divide 3442?
False
Is 9 a factor of 332?
False
Does 27 divide 2943?
True
Is 20 a factor of 760?
True
Does 155 divide 51641?
False
Is 89128 a multiple of 104?
True
Is 5251 a multiple of 15?
False
Is 6 a factor of 10?
False
Is 1005 a multiple of 12?
False
Does 4 divide 4241?
False
Does 6 divide 270?
True
Is 8946 a multiple of 42?
True
Is 37 a factor of 19589?
False
Does 8 divide 208?
True
Is 372 a multiple of 9?
False
Is 91 a multiple of 8?
False
Does 24 divide 1418?
False
Is 3 a factor of 137?
False
Is 26 a factor of 5668?
True
Does 6 divide 7599?
False
Is 62 a factor of 16577?
False
Is 39178 a multiple of 75?
False
Is 839 a multiple of 23?
False
Is 22790 a multiple of 5?
True
Is 16 a factor of 1376?
True
Is 1276 a multiple of 58?
True
Is 255 a multiple of 51?
True
Does 20 divide 1520?
True
Does 28 divide 1450?
False
Is 19051 a multiple of 8?
False
Is 80 a factor of 2231?
False
Is 16 a factor of 17872?
True
Is 18 a factor of 17245?
False
Is 10429 a multiple of 28?
False
Does 51 divide 2499?
True
Does 61 divide 1122?
False
Does 10 divide 20160?
True
Does 47 divide 44791?
True
Is 48 a factor of 8689?
False
Does 34 divide 11798?
True
Is 13 a factor of 793?
True
Does 34 divide 3236?
False
Does 33 divide 17320?
False
Does 3 divide 888?
True
Is 62 a factor of 9238?
True
Is 7 a factor of 332?
False
Is 23 a factor of 19105?
False
Is 4655 a multiple of 95?
True
Is 2250 a multiple of 50?
True
Is 2916 a multiple of 11?
False
Is 3842 a multiple of 34?
True
Is 82 a factor of 140683?
False
Does 81 divide 28289?
False
Does 2 divide 1744?
True
Is 19 a factor of 15132?
False
Is 76 a factor of 2049?
False
Does 97 divide 74406?
False
Does 92 divide 19381?
False
Is 155 a factor of 82770?
True
Is 147 a multiple of 49?
True
Is 87 a factor of 1653?
True
Is 21802 a multiple of 11?
True
Is 2 a factor of 84?
True
Is 17 a factor of 170?
True
Does 31 divide 3906?
True
Is 1887 a multiple of 51?
True
Is 8 a factor of 216?
True
Does 8 divide 93560?
True
Is 120848 a multiple of 182?
True
Is 5 a factor of 6498?
False
Does 10 divide 55179?
False
Does 16 divide 215?
False
Does 115 divide 10350?
True
Does 11 divide 44?
True
Does 48 divide 581?
False
Does 17 divide 15803?
False
Is 85084 a multiple of 89?
True
Does 9 divide 540?
True
Is 59 a multiple of 24?
False
Is 24 a factor of 38473?
False
Is 3134 a multiple of 9?
False
Is 12916 a multiple of 3?
False
Does 139 divide 51569?
True
Does 15 divide 23640?
True
Is 3 a factor of 2800?
False
Is 36 a factor of 84778?
False
Is 19 a factor of 4328?
False
Is 23 a factor of 1564?
True
Is 40 a factor of 3600?
True
Is 6960 a multiple of 87?
True
Is 19 a factor of 228?
True
Does 17 divide 35249?
False
Is 875 a multiple of 2?
False
Is 61 a factor of 4514?
True
Does 9 divide 792?
True
Is 18 a factor of 9792?
True
Is 93744 a multiple of 447?
False
Is 342 a multiple of 57?
True
Does 134 divide 32183?
False
Is 845 a multiple of 6?
False
Does 31 divide 2420?
False
Does 67 divide 66799?
True
Does 3 divide 468?
True
Does 25 divide 3075?
True
Is 15 a factor of 60?
True
Is 13 a factor of 2745?
False
Does 23 divide 10216?
False
Is 300 a multiple of 52?
False
Is 7244 a multiple of 14?
False
Is 1324 a multiple of 14?
False
Is 209 a factor of 10868?
True
Is 2093 a multiple of 10?
False
Is 13 a factor of 229?
False
Is 135 a factor of 89690?
False
Is 30 a factor of 3329?
False
Is 6 a factor of 708?
True
Does 16 divide 16976?
True
Is 25 a factor of 2536?
False
Does 13 divide 5850?
True
Is 22506 a multiple of 22?
True
Is 20 a factor of 2841?
False
Does 64 divide 39575?
False
Is 7 a factor of 8506?
False
Does 19 divide 16017?
True
Is 1386 a multiple of 21?
True
Is 8102 a multiple of 27?
False
Is 39 a multiple of 2?
False
Is 20 a factor of 2000?
True
Is 29 a factor of 12559?
False
Is 1388 a multiple of 20?
False
Is 108 a factor of 4870?
False
Does 77 divide 7007?
True
Is 12766 a multiple of 26?
True
Is 404 a multiple of 15?
False
Is 51